be 88/14 - 2/7. Calculate the remainder when o is divided by (q*-1)/(-1) - -3.
8
Suppose 13 = 4*i - 3. Calculate the remainder when 22 is divided by i.
2
Suppose -q + 28 = -4*u - 0*u, q + 2*u = 4. Suppose k - 3 = -3*x, -4*k - 5*x + q = -x. Suppose -k*h = -2*h - 2. What is the remainder when 5 is divided by h?
1
Let y = 0 + 10. Suppose 5*r = -q - 44, -r + 2*q = y + 1. What is the remainder when 17 is divided by 24/(-9)*r/4?
5
Let s(o) = 3*o**2 - 4*o - 11. Calculate the remainder when s(6) is divided by 37.
36
Let i(j) = -j + 11. Calculate the remainder when 10 is divided by i(7).
2
Let r(d) = d**2 - 14*d - 2. Let n be r(15). Suppose 2*f = 27 + n. Calculate the remainder when 37 is divided by f.
17
Let v(n) = n**2 + 5*n + 5. What is the remainder when v(-7) is divided by 11?
8
Suppose -2*r - k - 3*k = -24, 4*r + k - 55 = 0. Calculate the remainder when 26 is divided by r.
12
Suppose -43 = -5*r - 3. Let w = r - -34. Let d = -16 + w. Calculate the remainder when d is divided by 7.
5
Suppose 0 = -c + 6*c - 5. Let r = 8 + -12. Let w = c - r. Calculate the remainder when 14 is divided by w.
4
Let s = -76 - -146. Calculate the remainder when s is divided by (-3)/1 - (3 + -24).
16
Suppose -a + 33 = -0*a. What is the remainder when 96 is divided by a?
30
Let j = 101 - 59. Suppose 7*y - 44 = -4*l + 3*y, 3*y - j = -4*l. Let u = l + 1. What is the remainder when 29 is divided by u?
9
Let f be (-6)/21 + (-552)/(-21). Let y = f + -11. Let g(h) = -h**3 - 5*h**2 - 6*h - 2. What is the remainder when g(-5) is divided by y?
13
Let v be ((0/2)/(-2))/1. Suppose 5*t - 5*m = -v*m + 80, 5*t + 2*m = 52. Calculate the remainder when 34 is divided by t.
10
Suppose -5*i + 50 = 8*k - 3*k, -4*k + 40 = 2*i. What is the remainder when 39 is divided by k?
9
Let k(a) = -3*a**3 + 8*a + 39. Calculate the remainder when k(-4) is divided by 10.
9
Suppose 0 = 2*f + 3*f - 150. Suppose 5*u = -x + 41, -4*u + 7 = -3*u - x. What is the remainder when f is divided by u?
6
Suppose 3*o = 10 - 1. Suppose -4*p - 13 = o*g, -5*p - 5*g = -3 + 18. Let d = -1 - p. Calculate the remainder when 8 is divided by d.
2
Suppose 10 = 5*s, 5*s = 5*o - 16 - 14. Let f(c) = -c**3 + 5*c**2 - 3*c - 4. Let v be f(3). Let n = v + 18. What is the remainder when n is divided by o?
7
Suppose 79*j = 75*j + 5*n + 111, -87 = -4*j - 3*n. Let b = 223 + -128. What is the remainder when b is divided by j?
23
Suppose -b + 28 = -5*b. Suppose 2*r - 9*s = -5*s + 18, 5*r - 51 = 4*s. Calculate the remainder when (b/14)/((-1)/40) is divided by r.
9
Suppose -k + 14 = 5*v - 7, -4*v + 4*k = -12. Calculate the remainder when 4 is divided by v.
0
Suppose 4*u + 0*u = 80. Let r = u - 12. What is the remainder when 21 is divided by r?
5
Let b(a) = a**3 + a**2 - a + 1. Let v(g) = 5*g**3 + 13*g**2 - 6*g + 5. Let y(x) = -6*b(x) + v(x). What is the remainder when y(3) is divided by 18?
17
Let r = 22 - 15. Let z(a) = -a**3 + 9*a**2 - 9*a - 4. What is the remainder when z(r) is divided by 11?
9
Let s(p) = 4*p - 28. What is the remainder when 21 is divided by s(9)?
5
Let x(v) = 22*v**2 + 2*v - 1. Let n = 0 - -5. Suppose 5*h + 8 = -f, -n*f - h = -0*f - 56. What is the remainder when x(1) is divided by f?
11
Let i(s) = s**3 + 2*s**2 - 2. Let u be i(-2). Calculate the remainder when (u/2)/((-5)/10) is divided by 1.
0
Let l be (-5 - -2) + 33 + 2. Calculate the remainder when 45 is divided by l/(-10)*(-3 + -2).
13
Suppose 54 = 3*g + 3*t, -3*g = -t - 2*t - 60. What is the remainder when g is divided by 4?
3
Suppose 4*p - p = 291. What is the remainder when p is divided by 26?
19
Let p(l) = -5*l - 3. Let x be p(-5). Let m = x - 9. Calculate the remainder when 38 is divided by m.
12
Let c be ((-10)/(-4))/((-2)/4). What is the remainder when 4/(-10) - 117/c is divided by 16/2 - (0 + 0)?
7
Let i(d) = -3*d + 12. Let f be i(4). Suppose 0*b = b - 5*v - 8, f = 3*b + 2*v - 58. What is the remainder when 70 is divided by b?
16
Let j(b) = b**3 - b**2 - 2*b + 3. Let c be j(2). Let h be 2/4*(3 + -1). Suppose -c = -r - h. Calculate the remainder when 2 is divided by r.
0
Let b be (-548)/(-3) + (-3)/(-9). Let d be -6*((-5)/10 - 1). Calculate the remainder when (-1 - -4)*b/d is divided by 21.
19
Suppose 5*v + 2*t = -t + 85, v = -t + 17. Calculate the remainder when v is divided by 5.
2
Suppose 0*t = -3*t - 36. Let d(q) = q**2 + 8*q - 45. Let m be d(-10). Let z = t - m. What is the remainder when z is divided by 5?
3
Suppose 22*w - 399 = 3*w. What is the remainder when 83 is divided by w?
20
Suppose -3*s = -s. Suppose 5*p - 206 + 11 = s. Let t = p - 10. What is the remainder when t is divided by 15?
14
Let t = -8 + 13. Suppose y + 4 = t*v - y, -4*v = 3*y - 17. Suppose 5*s + 3*n = 19, 0 = v*s + 5*n - 6*n - 1. Calculate the remainder when s is divided by 1.
0
What is the remainder when 78 is divided by -5 + 1 - (1 + -21)?
14
Suppose -4*z - y + 887 - 19 = 0, 5*z - 1076 = y. Calculate the remainder when z is divided by 44.
40
Suppose -21*b + 24*b - 75 = 0. Calculate the remainder when 149 is divided by b.
24
What is the remainder when 99 is divided by (12 - -3) + (-3 - -2)*-2?
14
Suppose 4*n + 39 = 2*d + 9, 9 = 3*d + 3*n. What is the remainder when 24 is divided by d?
3
Suppose 4*d - 19 - 37 = 0. Calculate the remainder when 65 is divided by d.
9
Let y(n) = n**3 - 3*n**2 - 8*n + 7. Calculate the remainder when 82 is divided by y(5).
14
Suppose -2*r = 12 + 12. Let a = r - -41. Calculate the remainder when a is divided by 28/14 + 26/2.
14
Let j(s) = s**2 + 6*s - 9. Let h(t) = 2*t + 7. Let p be h(-8). What is the remainder when j(p) is divided by 10?
8
Let r(x) = x**3 + 4*x**2 - 2*x - 2. Let q be r(-4). Suppose q*w = 5*w + 45. What is the remainder when w is divided by 12?
9
Suppose 11*r - 3*r = 48. Calculate the remainder when 21 is divided by r.
3
Calculate the remainder when (4 - 8) + -3*116/(-3) is divided by 23.
20
Suppose 12 = -0*z - 2*z. Let d = z + 10. Let h = d - -4. Calculate the remainder when 22 is divided by h.
6
Let l(p) = p**3 - 4*p**2 + 5*p + 1. Suppose 12 = w + 4*f, f + 58 = 5*w - 2. What is the remainder when l(4) is divided by w?
9
Suppose 0*w = 4*w - 8. Suppose -7*q + 49 - 14 = 0. Suppose -u + w = -q. Calculate the remainder when 26 is divided by u.
5
Suppose 45 = 5*k - 2*k. What is the remainder when 55 is divided by k?
10
Suppose 2*o - 9 = 15. Let f(n) = -n**3 + 8*n**2 - 2*n. What is the remainder when f(7) is divided by o?
11
Suppose 0 = 3*c + 5*l - 231, 5*c + 207 = -2*l + 592. Calculate the remainder when c is divided by 16.
13
Let i be (-1)/(-1) + (-2 - -12). Let g = i - 4. Suppose 0 = 5*z - 54 - 11. What is the remainder when z is divided by g?
6
Suppose 0 = 2*i + 3*i + 40. Let m = -4 - i. Calculate the remainder when 9 is divided by m.
1
Let h be (-2)/(-11) - (-20)/11. Suppose -4*w = 5*o - 41, o + 37 = 4*w + h*o. Suppose 0 = -3*i - 0*i + 75. Calculate the remainder when i is divided by w.
7
Suppose -2*c - c + 4*u + 72 = 0, -5*c + 2*u + 120 = 0. Let z = 36 + -23. What is the remainder when c is divided by z?
11
Suppose 3*k + 20 = 7*k. Suppose -2*b + x + 30 = 0, -2*x - 28 = k*b - 85. What is the remainder when b is divided by 4?
1
Suppose 0 = 2*c - 104 + 84. What is the remainder when c is divided by 3?
1
Let q(k) = 2*k**3 + 3*k**2 - 3*k + 2. Let w = -26 + 97. What is the remainder when w is divided by q(2)?
23
Let s(u) = u**2 - 6*u + 1. Let y be (38/(-6))/(1/(-3)). Let q = y + -11. What is the remainder when 49 is divided by s(q)?
15
Let f = -11 - -14. Suppose 66 = f*g - g. Calculate the remainder when g is divided by 9.
6
Let f = 26 + -3. Suppose 2*w - 9 = f. Calculate the remainder when w is divided by ((-2)/4)/(2/(-24)).
4
Suppose 3*m + y = -3 + 4, -4 = 3*m + 2*y. Suppose -5*n - 4*q - 7 + 34 = 0, -m*q + 10 = 2*n. Calculate the remainder when 26 is divided by n.
5
Suppose 0 = -7*u + 4*u. Suppose 7*s - 15 = 4*s. Suppose -s*h + 55 = -u*h. What is the remainder when 31 is divided by h?
9
Let o = -31 + 44. Suppose o = c - 2*w, -3*w + 5*w = 4*c - 52. Calculate the remainder when 37 is divided by c.
11
Calculate the remainder when (-3*4/(-8))/((-21)/(-70)) is divided by (-4)/6*-3*1.
1
Suppose -4*k - 12 = -2*k. Let o be 1/(-2) - 195/k. Suppose -o = -5*n + n. What is the remainder when 22 is divided by n?
6
Let a = 0 + 28. What is the remainder whe